nder when i is divided by ((-10)/(-15))/(4/18)?
2
Let h be (-1)/(1 + 2/(-4)). Let y = 0 - h. Calculate the remainder when 4 is divided by y.
0
Let b(a) = a**2 + 20. Let z(s) = -s**3 - 3*s**2 - 5. Suppose 16 = -2*g + 2*f, -2*g = f - 6*f + 28. Calculate the remainder when b(0) is divided by z(g).
9
Let r = 12 + -5. Suppose r*z = 4*z + 30. Suppose 0 = -d + 16 + 12. Calculate the remainder when d is divided by z.
8
Let w(q) = 18*q + 5. Let h be w(5). Suppose -5*i - 15 = -h. Calculate the remainder when 44 is divided by i.
12
Suppose 8 = 5*l - 17. Let j = l - 1. Suppose 8 = 3*f + 4*m - 18, 3*f - 2*m = -4. What is the remainder when j is divided by f?
0
Let h = -19 - -31. Let a = 27 + -16. Suppose -a = -g + 24. What is the remainder when g is divided by h?
11
Let z(h) = h**3 - 19*h**2 + 21*h + 1. Calculate the remainder when z(18) is divided by 15.
10
What is the remainder when 246/36 - 1/(-6) is divided by (-2)/7 - (-60)/14?
3
Let k(m) = -m**3 - 8*m**2 - 6*m + 2. Let q be k(-7). Let r = q + 7. What is the remainder when r is divided by (-2)/4*(-2 - 2)?
0
Calculate the remainder when 374/6 + (-3)/9 is divided by 32.
30
Let t = -146 - -76. Let i = 101 + t. What is the remainder when i is divided by 11?
9
Let y(x) = -6*x**3 - x**2 - 2*x - 1. Let t be (-2 - -1)*-1 - 2. What is the remainder when (11/2)/(2/4) is divided by y(t)?
5
Suppose -7 + 4 = -o. Let c = 7 - o. Let j = c - -6. Calculate the remainder when j is divided by 3.
1
Let m be (-108)/(-14) + 6/21. Suppose 2*a = 4*n - 6, a - 5*n + 3 = -m*n. Let s = a + 5. Calculate the remainder when 4 is divided by s.
0
Suppose s - 2*u - 1 = 5, -u = 3*s - 25. Calculate the remainder when 18 is divided by s.
2
Suppose 16 = 3*z - 7*z. Suppose r - 7 = 1. Calculate the remainder when 176/(-4)*2/z is divided by r.
6
Let r = 9 - -19. Suppose m + 3*m = r. What is the remainder when m is divided by 5?
2
What is the remainder when -3*(-5)/((-20)/(-12)) is divided by 6?
3
Let r(o) = 12*o**2 + 2*o - 2. Let f = 37 - 26. Calculate the remainder when r(-2) is divided by f.
9
What is the remainder when 134 is divided by (-1 + -2 + 1)*-13 + 1?
26
Let h = -59 + 116. Calculate the remainder when h is divided by 20.
17
Suppose -2 = 3*w - 5*w. What is the remainder when 14 is divided by 12/((6/4)/w)?
6
Let n be 20/(-6)*(12 + -6). Let s = n + -7. Let o = -11 - s. Calculate the remainder when o is divided by 6.
4
Calculate the remainder when 3 is divided by (-6 - -11)*4/10.
1
Let u(n) = -5*n**2 - 5*n + 25. Let m(o) = -o**2 - o. Let h(q) = -6*m(q) + u(q). What is the remainder when h(0) is divided by 7?
4
Let w(y) = -7*y - 6*y - 12 + 4*y. Let q be w(-8). Suppose 3*m + 2*m = 5*t - q, -t - m = -6. What is the remainder when 17 is divided by t?
8
Let r = 119 + -16. Calculate the remainder when r is divided by 27.
22
Suppose -2*a = 4*j - 122, a + 0*j = j + 55. Let p = a - 10. What is the remainder when p is divided by 12?
11
Suppose t - 37 = -0. What is the remainder when 71 is divided by t?
34
Let u be (330/(-3))/(6/(-3)). What is the remainder when (9/15)/(1/u) is divided by 12?
9
Suppose -4*l - 4*l = -272. Calculate the remainder when l is divided by 5.
4
Let p(b) = 2*b**2 - 4*b + 9. Calculate the remainder when p(4) is divided by 9.
7
Suppose 3*w = -2*x + 57, -29 = -5*w - 4. Suppose -x - 66 = -3*z. What is the remainder when 55 is divided by z?
26
Let d = -50 - -83. What is the remainder when 64 is divided by d?
31
Let z = 21 + -10. Suppose -5*q + u = -4 - 0, -u - 4 = 0. What is the remainder when 19 - (0 + q/2) is divided by z?
8
Suppose 2*u + 7*s - 62 = 3*s, 5*u = 3*s + 116. What is the remainder when u is divided by 14?
11
Calculate the remainder when 4 is divided by (-1 - -10)*(-3)/(-9).
1
What is the remainder when 87 is divided by (-14)/(-21)*(-90)/(-4)?
12
Suppose -7*w + 180 = 2*w. What is the remainder when 78 is divided by w?
18
Let c = 166 + -97. What is the remainder when c is divided by 14?
13
Let z(d) = -d**3 + d**2 + 4*d - 3. Let m = 3 - 1. Suppose -m*v - 2 = -6. What is the remainder when z(v) is divided by 1?
0
Let p(y) = 4*y**2 - 6. What is the remainder when p(-5) is divided by 16?
14
Let d = -3 - -7. Let n(g) = -7 + 3*g + 9*g**2 + 5*g**3 - d*g**3 + 4*g. What is the remainder when n(-6) is divided by 20?
19
Suppose 0*t = -3*m - 2*t - 8, -t + 3 = -2*m. Let v be (m/(-4))/(3/84). What is the remainder when 144/v - (-10)/(-35) is divided by 6?
4
Let i(d) = d + 12. What is the remainder when i(5) is divided by 4?
1
Let g(n) = n**3 + 9*n**2 + 7*n. Suppose o + 40 = -4*o. Calculate the remainder when g(o) is divided by 3.
2
Suppose -3*d + l = -212, 0 = d - 2*d + 4*l + 89. Calculate the remainder when d is divided by 14.
13
Suppose 0 = -3*p + 3*k, 9*p - 4*p + 18 = -k. What is the remainder when 3 is divided by (-10)/(-5) - (2 + p)?
0
Let h = 0 - 2. Let v(b) = -2*b**3 - b**2 - 2*b - 2. What is the remainder when 53 is divided by v(h)?
11
Suppose 0*u - u = -4. Suppose -u*c + 47 = -1. What is the remainder when 35 is divided by c?
11
Let y(l) = -l**2 + l. Let v be y(1). Suppose v = 5*d - 3*d. Suppose -4*n + 3*u - 8 = d, n + u = -0*n + 5. What is the remainder when 3 is divided by n?
0
Let p(t) = t**3 + 10*t**2 + 6*t + 1. Let d be p(-9). Let c = d - 15. Let w(l) = 2*l + 9. What is the remainder when w(8) is divided by c?
12
Suppose 2*g - 90 = -g. Suppose i + 6 = -2*d + 29, -48 = -4*d - 4*i. Calculate the remainder when g is divided by d.
8
Let b be (5 - 0)*(-8)/10. Suppose 0 = 4*i + 3*d - 11 - 8, 0 = 4*i - 4*d - 40. Calculate the remainder when i is divided by (-4)/(-6)*(-18)/b.
1
What is the remainder when 4 + (-198)/48 + 2114/16 is divided by 45?
42
Let w = 56 + 16. What is the remainder when w is divided by 25?
22
Let l = -15 - -42. Suppose -l = -3*b + 207. What is the remainder when b is divided by 20?
18
Let b(a) = a**2 - 13*a - 44. What is the remainder when b(17) is divided by 7?
3
Suppose -3 + 0 = -3*z. Calculate the remainder when 7 is divided by ((3 - -12)/3)/z.
2
Let r(d) = d. Let b(o) = 2*o - 1. Let x(n) = -b(n) + 5*r(n). Suppose 5*f - 3*v = v + 22, -2*v - 10 = -2*f. What is the remainder when 12 is divided by x(f)?
5
Suppose -3*z + 13 = -8. Let c(b) = -b + 5. Let o be c(z). Calculate the remainder when (-16)/(-1) + 1 + o is divided by 8.
7
Let g(l) = -l**3 - 7*l**2 - 6*l - 1. Let a = 18 + -7. What is the remainder when g(-7) is divided by a?
8
Suppose -c + 4*c = 174. Let g(t) = t**3 + 9*t**2 + 17*t + 14. What is the remainder when c is divided by g(-6)?
18
Suppose 8 + 28 = 2*d. Let o = d + -6. What is the remainder when 21 is divided by o?
9
Let w(k) = 4*k + 0*k - 3*k - 2*k + 19. Calculate the remainder when 23 is divided by w(6).
10
Suppose -3*d - 2 = -11. Suppose 3*y + 2*r = 130, d*y + 2*r - 172 = -y. Let b = 60 - y. Calculate the remainder when 52 is divided by b.
16
Suppose 8 = -5*a - l - l, -12 = -4*a + 3*l. Let f be a + (-1 - -6*1). Suppose -f - 3 = -r. What is the remainder when r is divided by 3?
2
Suppose 6*n - 3 = 129. Suppose 5*w = -11 + 36. Suppose -2*d - 192 = -w*d. Calculate the remainder when d is divided by n.
20
Suppose -u + 2 = 5*t + 10, -t - 8 = -3*u. Suppose u*j - j = 11. Suppose 2*g = -3*g + 3*y + 170, -16 = -g - 3*y. What is the remainder when g is divided by j?
9
Let n(w) = w**3 - w**2 - 5*w + 3. Calculate the remainder when 23 is divided by n(3).
5
Let m(y) = -y**3 + 7*y**2 - y + 7. Let z be m(7). Suppose z*o = 2*o - 6. Calculate the remainder when 8 is divided by o.
2
Let t = 34 + -13. Suppose 4*i = -8, 3*i = -0*j + 3*j - t. Suppose 33 = -2*o + j*o. What is the remainder when 21 is divided by o?
10
Suppose -5 - 3 = o. Suppose -5*u + 3*l = -4*u + 9, -5*u = 5*l + 5. Let g = u - o. What is the remainder when 14 is divided by g?
4
Suppose 2*g + 3*y = 23, 2*g - 4*y + 2*y - 18 = 0. Let k(t) = -t**2 + 17*t - 5*t - 2 - 10. What is the remainder when k(g) is divided by 5?
3
Let d(c) = c**2 - 6*c + 3. Let m be d(5). Let p = 2 + m. Calculate the remainder when -1*(-2*13 + p) is divided by 14.
12
Suppose -3*t + 0*a = -2*a - 85, 79 = 3*t + a. Calculate the remainder when 78 is divided by t.
24
Suppose -3*l + 60 = 4*g, 0 = 3*l - 4*l + g + 20. Let b = 0 + -2. Let d = 5 - b. Calculate the remainder when l is divided by d.
6
What is the remainder when 32 is divided by (0 - -2)*27/6?
5
Let v(b) = b**